{"id":45,"date":"2025-05-21T13:57:56","date_gmt":"2025-05-21T11:57:56","guid":{"rendered":"https:\/\/foes-kks.blk.schule\/?page_id=45"},"modified":"2025-08-19T10:26:13","modified_gmt":"2025-08-19T08:26:13","slug":"ueber-uns","status":"publish","type":"page","link":"https:\/\/foes-kks.blk.schule\/?page_id=45","title":{"rendered":"\u00dcber uns"},"content":{"rendered":"<p>Herzlich willkommen auf der Internetseite der K\u00e4the-Kruse-Schule Naumburg.<\/p>\n<p><strong>Die KKS Naumburg &#8230;<\/strong><\/p>\n<p>&#8230; wurde 1990 gegr\u00fcndet und geh\u00f6rt zur Tr\u00e4gerschaft des Burgenlandkreises.<br \/>\nAn unserer Schule lernen im Durchschnitt 100 Sch\u00fclerinnen und Sch\u00fcler.<br \/>\nUnser Kollegium besteht aus Lehrkr\u00e4ften, P\u00e4dagogischen Mitarbeitern, Therapeuten sowie unserem Hausmeister und unserer Hauswirtschaftlerin. Au\u00dferdem werden vereinzelte Kinder von Schulbegleitern im Unterrichtsalltag unterst\u00fctzt.<\/p>\n<p><strong>Das Einzugsgebiet &#8230;<\/strong><\/p>\n<p>&#8230; unserer Schule erstreckt sich von Nebra, \u00fcber die Kaiserpfalz, Eckartsberga, Naumburg bis nach Meineweh.<\/p>\n<p><strong>Unsere Unterrichtszeiten sind &#8230;<\/strong><\/p>\n<p>07:00 &#8211; 08:00 Uhr \u00a0Offener Anfang<br \/>\n08:00 &#8211; 08:45 Uhr \u00a01. Stunde<br \/>\n08:45 &#8211; 09:30 Uhr \u00a02. Stunde<br \/>\n09:45 &#8211; 10:30 Uhr \u00a03. Stunde<br \/>\n10:30 &#8211; 11:15 Uhr \u00a0 \u00a04. Stunde<br \/>\n11:15 &#8211; 11:45 Uhr \u00a0 \u00a0 Hofpause<br \/>\n11:45 &#8211; 12:30 Uhr \u00a0 \u00a05. Stunde<br \/>\n12:30 &#8211; 13:15 Uhr \u00a0 \u00a06. Stunde<\/p>\n<p>Im Anschluss finden die <strong>lerntherapeutischen Angebote<\/strong> bis 15:30 Uhr statt.<\/p>\n<p>&nbsp;<\/p>\n<p>&nbsp;<\/p>\n","protected":false},"excerpt":{"rendered":"<p>Herzlich willkommen auf der Internetseite der K\u00e4the-Kruse-Schule Naumburg. Die KKS Naumburg &#8230; &#8230; wurde 1990 gegr\u00fcndet und geh\u00f6rt zur Tr\u00e4gerschaft des Burgenlandkreises. An unserer<\/p>\n","protected":false},"author":2,"featured_media":0,"parent":0,"menu_order":0,"comment_status":"closed","ping_status":"closed","template":"","meta":{"footnotes":""},"class_list":["post-45","page","type-page","status-publish","hentry"],"_links":{"self":[{"href":"https:\/\/foes-kks.blk.schule\/index.php?rest_route=\/wp\/v2\/pages\/45","targetHints":{"allow":["GET"]}}],"collection":[{"href":"https:\/\/foes-kks.blk.schule\/index.php?rest_route=\/wp\/v2\/pages"}],"about":[{"href":"https:\/\/foes-kks.blk.schule\/index.php?rest_route=\/wp\/v2\/types\/page"}],"author":[{"embeddable":true,"href":"https:\/\/foes-kks.blk.schule\/index.php?rest_route=\/wp\/v2\/users\/2"}],"replies":[{"embeddable":true,"href":"https:\/\/foes-kks.blk.schule\/index.php?rest_route=%2Fwp%2Fv2%2Fcomments&post=45"}],"version-history":[{"count":3,"href":"https:\/\/foes-kks.blk.schule\/index.php?rest_route=\/wp\/v2\/pages\/45\/revisions"}],"predecessor-version":[{"id":71,"href":"https:\/\/foes-kks.blk.schule\/index.php?rest_route=\/wp\/v2\/pages\/45\/revisions\/71"}],"wp:attachment":[{"href":"https:\/\/foes-kks.blk.schule\/index.php?rest_route=%2Fwp%2Fv2%2Fmedia&parent=45"}],"curies":[{"name":"wp","href":"https:\/\/api.w.org\/{rel}","templated":true}]}}